
Let b = 5 + -3. Suppose t + 0 + 1 = 0, b*w - 2 = 4*t. Let r = w + 3. What is the remainder when r is divided by 2?
0
Suppose -24 = r - 5*r. Suppose r*l = l + 430. Calculate the remainder when l is divided by 29.
28
Let s = -6 + 6. Suppose 0 = w + 5*b - 2, s = -4*w + 3*b - 19 + 50. Calculate the remainder when ((-4)/12)/(3/(-117)) is divided by w.
6
Let u = 6 - 4. Suppose -4 + 6 = -u*s. Let y = s - -5. Calculate the remainder when y is divided by 3.
1
Suppose 8 - 74 = -11*s. Calculate the remainder when 51 is divided by s.
3
Suppose 9 = 3*t - 4*l, -4*t + 19 = -3*l - 0*l. Suppose -p = 5 - 4. Let w = p - -4. What is the remainder when t is divided by w?
1
Let m = 7 + -4. Let j = -8 - -9. Calculate the remainder when m is divided by j.
0
Let j = -25 + 30. Calculate the remainder when 13 is divided by j.
3
Suppose 44*w = 36*w + 664. Calculate the remainder when w is divided by 22.
17
Suppose 0 = -f - 5*u - 12, -f - 5*u - 14 = f. Let p(q) be the first derivative of 2*q**3/3 + q + 2. Calculate the remainder when p(f) is divided by 5.
4
Let d be 1 + 7 + 1 + 0. Suppose -d = -5*i + 41. Calculate the remainder when i is divided by 3.
1
Suppose -b = -6*b + 90. Suppose -4*z = k - 72 + b, -5*k - z = -232. What is the remainder when 42 is divided by 1/(k/44 + -1)?
20
Suppose 0*c = 3*c - 42. Calculate the remainder when 265 is divided by c.
13
Suppose 26 = -5*w + 301. Calculate the remainder when w is divided by 15/10*-2 + 17.
13
Suppose 0 = 4*w + 5*u - 125, 2*w - u - 62 = -3*u. What is the remainder when w is divided by 16?
14
Suppose -5*x + x = -276. Suppose -20*o + 27*o - 126 = 0. What is the remainder when x is divided by o?
15
Let y be 2/(-3) - 380/(-3). Let x = -88 + y. Calculate the remainder when x is divided by -3 - -1 - (-16 + (3 - 2)).
12
Let t(c) = -c - 8. What is the remainder when t(-19) is divided by 7?
4
What is the remainder when 59 is divided by 6 - (5 + -1 + -7)?
5
Let y(m) = m**3 + 14*m**2 + 28*m + 9. What is the remainder when y(-10) is divided by 26?
25
Let i(y) = -y**3 - 10*y**2 - y + 3. Suppose -5 = p + 5. Let v be i(p). What is the remainder when 35 is divided by (1 + v)*(-12)/(-14)?
11
Let i be (6/(-2) + -11)/(-2). Suppose -i*d + 5*d = -24. Calculate the remainder when 22 is divided by d.
10
Let y = 114 - 66. What is the remainder when y is divided by 13?
9
Let f = -76 - -115. Calculate the remainder when 116 is divided by f.
38
Suppose -23 = -2*g + c, -51 = -4*g + c - 2. Suppose -4*r + 4 = -3*r. What is the remainder when g is divided by r?
1
Suppose 5*q - 4*u - 13 = 1, 3*u + 3 = 0. Suppose -q*g - 2*m + 74 = -5*m, 4 = m. Let s = 18 + -3. Calculate the remainder when g is divided by s.
13
Suppose -q - 2*r + 3 = -0, 0 = 4*r + 4. Suppose 0*l - 60 = -q*l. Suppose 25 = 5*p, -y - y - p + 51 = 0. What is the remainder when y is divided by l?
11
Suppose 0*m - 2*m + 20 = 0. Let x(u) = -2*u - 11. Let o(t) = -t + 1. Let v(c) = o(c) - x(c). Calculate the remainder when m is divided by v(-9).
1
Suppose 4*m - 9*m = -265. Suppose -5*j - m = -2*g, -5*g - 4*j + 78 + 5 = 0. Let n = -4 - -41. What is the remainder when n is divided by g?
18
Suppose 5*j - 36 = 2*j. Let v = j - 1. Calculate the remainder when -2 - -1*(22 - 0) is divided by v.
9
Calculate the remainder when 25 is divided by (-11)/55 - (-92)/10.
7
Let s be 2*(-3 + (-9)/(-2)). Let l = 4 - s. Suppose -3*u + l = -32. Calculate the remainder when 43 is divided by u.
10
Calculate the remainder when (-2 - -20)*(-5)/(-1) is divided by 5 + -9 - (-38 - -3).
28
Suppose -2*p + 68 = 4. Suppose 85 = 5*f + 2*o - 7*o, 85 = 5*f + 4*o. What is the remainder when p is divided by f?
15
Suppose -2*w + 4*j - 10 = 0, -3*j - 2*j + 29 = 3*w. Suppose 48 = w*m - 0*m. Let d = 4 - -26. Calculate the remainder when d is divided by m.
14
Let p be -1 + 0 + (-2 - -6). Suppose -26 = j - p*j - g, j = -2*g + 10. Calculate the remainder when 40 is divided by j.
12
Suppose 3*d - a - 3 = 0, -a - 15 = d + 4*a. Calculate the remainder when d - (-28 + -3)*2 is divided by 16.
14
Let f = -14 - -24. What is the remainder when 19 is divided by f?
9
Suppose 3*t = 2*g + 4, 5*t = -3*g + 4*g + 16. Suppose 3*d = -2*j - 3*j + 27, -t*j = -d + 26. What is the remainder when 38 is divided by d?
10
Let y(x) = -x + 1. Let t be y(3). What is the remainder when 22 - 4 - t/(-1) is divided by (-4 - -11) + (-1 - -3)?
7
What is the remainder when (-4)/(-1) + (-312)/(-6) is divided by 15?
11
Let f(q) = 4*q. Calculate the remainder when 25 + 2/(3/(-3)) is divided by f(3).
11
Let j = -78 + 82. Calculate the remainder when 9 is divided by j.
1
Let n(l) = -l**3 + 8*l**2 - 10*l - 2. Calculate the remainder when 127 is divided by n(6).
7
Suppose 3*u - 36 = 3*g + 63, -2*u - g + 63 = 0. Calculate the remainder when 125 is divided by u.
29
Let k(b) = -b - 4. Let i be k(-6). Suppose -30 = 3*z + i*q, 4*z - q = -25 - 26. Let u = z + 25. Calculate the remainder when u is divided by 5.
3
Let v = -1 - -1. Suppose x + 0*x - 54 = v. Calculate the remainder when x is divided by 28.
26
Calculate the remainder when 1*(16 - (1 - 2)) is divided by 10.
7
Let g(z) = z**2 - z - 4. Calculate the remainder when 23 is divided by g(-3).
7
Let u(c) = -47*c. Suppose -4*p - 11 = 4*v - v, 3*v = -p - 5. What is the remainder when u(v) is divided by 8/1*(3 - 1)?
15
Suppose -96 - 75 = -y. Calculate the remainder when y is divided by 43.
42
Suppose 0 = 5*i - 5*r + 15, 0 = -3*i - 0*i - 5*r + 15. Suppose 5*b + 0*b - 5 = i. What is the remainder when 10 is divided by (b*-2)/(6/(-12))?
2
Let j = -11 + 14. Calculate the remainder when 14 is divided by j.
2
Suppose -5*h + 3*b = 7, 3*h - 4*b + 5 = -2*b. Let k be 1 + 3 - (h - 3). Let r = 10 - k. Calculate the remainder when 6 is divided by r.
2
Let i = -98 + 204. Let p = i + -73. Calculate the remainder when p is divided by 18.
15
Suppose -60 = -2*p - 4*h, 2*h + 38 = p - 0. Calculate the remainder when 67 is divided by p.
33
Let v(g) = g**3 + 7*g**2 - g + 11. Let c(y) = 10*y**2 + 3*y. What is the remainder when c(-2) is divided by v(-7)?
16
Suppose -3*c = 2*c. Let m = 22 + c. What is the remainder when 41 is divided by m?
19
Let r(t) = -t**2 - 8*t. Let y be (7/2)/(3/(-6)). Suppose -x - 4 = 0, -2*x + 25 = -0*z + 3*z. What is the remainder when z is divided by r(y)?
4
Let l be 26/3*(-3)/(-2). Suppose 2*j = 4*j + c - 4, 3*j - 2*c - l = 0. What is the remainder when 11 is divided by j?
2
Let i = -29 - -88. Let z = 82 - i. Calculate the remainder when z is divided by 8.
7
Suppose 5*q = 2*q. Suppose 0 = -b - 0*h - 5*h + 7, 3*b - 21 = 3*h. What is the remainder when b is divided by 0/(-2) + q + 3?
1
Let v = 19 - -11. Calculate the remainder when v is divided by 8.
6
Suppose 0 = -h + 2*h - 47. Suppose 0 = -3*z - v + h, -5*v = -4*z - 0*z + 88. Calculate the remainder when 66 is divided by z.
15
Let c be (-44)/(-10) + 2/(-5). Suppose 4 = -c*d, 35 = 4*w - 3*d - 16. Calculate the remainder when w is divided by 5.
2
Let t(g) = -2*g + 1. Let u be t(-1). Let j(m) = 1 + m**2 + 3*m + 3 + u. Calculate the remainder when j(-6) is divided by 9.
7
Let a(f) be the third derivative of f**5/60 + f**3/3 - f**2. Let p be a(2). Suppose z - 2 = p. What is the remainder when 14 is divided by z?
6
Let y(w) = 20*w**3 + 2*w**2 + w - 1. What is the remainder when 86 is divided by y(1)?
20
Suppose 6*b + 47 = 2*d + 3*b, -2*d = 5*b - 39. Suppose -4*j - 42 = -5*j. Calculate the remainder when j is divided by d.
20
What is the remainder when -2 + (-1)/(6/(-336)) is divided by 11?
10
Let x = -18 - -23. What is the remainder when (-17*2)/(-4 + 2) is divided by x?
2
Let q = -6 - -4. Let r(d) = 12*d**2 - 6*d + 10. Let o(y) = -4*y**2 + 2*y - 3. Let c(j) = q*r(j) - 7*o(j). What is the remainder when 9 is divided by c(1)?
0
Let b(l) = -21*l - 29. Calculate the remainder when b(-4) is divided by 19.
17
Let f(x) = 2 + x - 6 - 2 + 3. Let w be f(5). Suppose 3*c = 5*m + 102, -c - 4*c = -w*m - 189. Calculate the remainder when c is divided by 10.
9
Suppose -3*w = r - 1 + 12, 5*r + 2*w + 16 = 0. Calculate the remainder when (r/(-2))/(5/155) is divided by ((-6)/(-4))/(3/16).
7
Suppose o - 66 = 4*a, 2*o = 4*o - 4*a - 124. Suppose 3*u = -2*v + 17, 4*v = -0*v + 2*u + o. Calculate the remainder when 50 is divided by v.
11
Suppose 5*a - a = -4*s + 48, 4*s - 54 = 2*a. Calculate the remainder when